)/(-20) + 187/1870?
1
Suppose -3*w - 4*w = -14. Suppose w*p - 2 = 28. What is the tens digit of p?
1
Let b(x) = 9*x**2 - 4*x + 17. What is the tens digit of b(-5)?
6
Suppose -f + 19 = -5*l - 12, -4*f = -4. Let m be ((-7)/(-1) - 1) + 2. Let d = m - l. What is the tens digit of d?
1
What is the units digit of (-4324)/(-16) + 6 + 1/(-4)?
6
Let g(l) = 2*l**2 + 9*l - 6. Let a be g(-8). Suppose -k = -4*o + a, 2*o = -3*k + 21 - 3. What is the units digit of 8/o + (-46)/(-3)?
6
Suppose 2*q - 3*r - 408 = 0, r = -3*r - 16. Let v = -138 + q. What is the tens digit of v?
6
Let k be (7 - 4) + -3 + -60. Let o = k + 153. What is the tens digit of o?
9
Let j be 12/1 - (-10)/5. Suppose -5*r - 2430 = -j*r. What is the tens digit of r?
7
Let t be 57/21 - (-4)/(-56)*-4. What is the tens digit of 9/6 + (t - (-585)/10)?
6
Let s = 662 - -3148. What is the hundreds digit of s?
8
Suppose 0 = 8*a + 1491 - 15923. What is the tens digit of a?
0
Suppose -2*a = w - 4*a - 1162, -3*w + 3508 = 5*a. What is the thousands digit of w?
1
Let i = -387 + 823. What is the hundreds digit of i?
4
Suppose 5*m - x = 3*x - 6, -3*m + x = -2. Let y be (-2)/3*(16 - 7). What is the tens digit of 1 + 30 - (m + y)?
3
Let z(v) = -197*v**3 + 4*v**2 + 13*v + 5. What is the thousands digit of z(-2)?
1
Let z = 32 + -8. Suppose 11 = 7*v - z. Let j = v - -14. What is the tens digit of j?
1
Suppose -v = -4*v - 4*f - 89, 4*v + 82 = 2*f. Let w = v + 38. Suppose w - 44 = -3*c - 2*r, -15 = -c - 2*r. What is the units digit of c?
7
Let z = 19 + 575. What is the hundreds digit of z?
5
Let c = -1 - -1. Suppose v + c = 85. Suppose 0*h + 5*h - 4*s = v, 0 = 2*s - 10. What is the tens digit of h?
2
Let z(f) = -17*f**3 + 16*f**2 + 19*f - 32. Let d(g) = -6*g**3 + 5*g**2 + 6*g - 11. Let i(v) = 11*d(v) - 4*z(v). What is the units digit of i(7)?
2
Suppose -3*g - 4*d + 523 + 30 = 0, d = 3*g - 563. What is the tens digit of g?
8
Let o = -14 - -18. Let g = o - 1. Suppose -5*w - g*j = -190, -2*j - 92 + 16 = -2*w. What is the units digit of w?
8
Let x be (3 - -1)*28/16. Let q = x - 0. Let o(g) = g**2 + 3*g - 17. What is the units digit of o(q)?
3
Let f be (2 - (-16)/(-6))*-3. Let h(y) = y**2 - 4*y - 96. Let w be h(-8). Suppose -s + 5 = -4*t - 11, -f*s - 3*t - 1 = w. What is the units digit of s?
4
Let i be 4/6*(1 + 2). Let g(q) = -2*q**2 - i*q**3 + q - 2*q**3 - 3*q + 3*q**3. What is the units digit of g(-3)?
5
Let q = 22 + -36. What is the units digit of (4/q + (-5016)/(-210))*5?
8
Let w be 93*(-1)/(-6)*2. Let z(i) = i**2 - 9*i - 5. Let k be z(7). Let p = k + w. What is the tens digit of p?
1
What is the hundreds digit of 4564/(-24)*(-6 - 0)?
1
Let m = 3 + -1. Suppose -2*d - 2 = -3*o - 4*d, -5*d = m*o + 6. Suppose -o*h - 2 + 42 = 0. What is the units digit of h?
0
Let n(z) = -z**2 - 5*z + 5. Let s be n(-6). Let t = s - 9. Let i = t + 40. What is the tens digit of i?
3
Suppose 15*o = -7*o + 39226. What is the units digit of o?
3
Let a(h) = 535*h + 299. What is the hundreds digit of a(6)?
5
Let m(c) = 11 + 3*c - 3*c**3 - 3*c**2 + 2*c**3 + 7*c**2. What is the units digit of m(5)?
1
Let j = 15 - 13. Let a be (42/(-28))/((-1)/j). What is the units digit of -6*(a + 1)/(-4)?
6
Suppose -2 = -4*f - 0*c - 2*c, 3*f - c = 9. Let k be (f - -1) + (-10 - -11). Suppose k = -5*x + 159. What is the units digit of x?
1
Let f = 785 + -496. What is the units digit of f?
9
Let u(h) = 25*h**3 + h**2 - h + 1. Let x be u(1). Suppose -5*s = -144 - x. Suppose -11 = f - s. What is the tens digit of f?
2
Let x(r) = 2*r + 20. Let h be x(-10). What is the units digit of (-2)/(-6)*h + -3 + 73?
0
Let r(z) = 32*z**2 + 10. Let i(u) = -31*u**2 + u - 11. Let l(w) = 5*i(w) + 6*r(w). What is the hundreds digit of l(-2)?
1
Let q(n) = 10*n + 13. Let l be q(7). Suppose r = l - 22. What is the tens digit of r?
6
Let h be 1*((-3 - 2) + -1). Let o = h + 8. What is the units digit of 429/18 + o/12?
4
Let u = 25 - 11. Let g = u + -11. Suppose 0 = -7*a + g*a + 280. What is the units digit of a?
0
What is the units digit of ((-36)/15)/(22/(-9515) - 0)?
8
Let c be 2 + -3 - 1 - 1. Let x = c - -2. What is the units digit of 14/7 + x/(-1)?
3
Let w(i) = -4*i - 49. Let k be w(-13). Suppose -k*z = 240 - 612. What is the units digit of z?
4
Suppose 2*p - 3*f = -6*f + 2, 4*f = 3*p - 20. Suppose -125 = -5*v - p*y, 2*v + 7*y - 57 = 4*y. Suppose -3*w + v = -78. What is the tens digit of w?
3
Suppose -2*j + 602 = 3*l, -464 = -5*j + 2*l + 1060. What is the tens digit of j?
0
Suppose -2*k + 3*y = -271, 0*k = 3*k + 4*y - 415. What is the tens digit of k?
3
Let l(b) = -518*b + 479. What is the tens digit of l(-5)?
6
Let x(i) = 72*i**3 + 2*i**2 - 9*i + 28. What is the units digit of x(3)?
3
Let z = -13 - -18. Suppose 4*p = z*p, -81 = 3*j - 3*p. What is the units digit of 20/(-6)*j/18?
5
Suppose 0 = 5*a + 5*f, 0 = 3*a - 3*f - 35 + 5. Let p = 27 - a. What is the tens digit of p?
2
Let k(y) = y**2 - 13*y - 10. Let t(v) = 2*v + 6. Let l be t(4). Let g be k(l). Suppose -j = g*h - h - 50, 0 = 3*h - 5*j - 74. What is the tens digit of h?
1
Suppose -4*l + 2641 = -159. What is the hundreds digit of l?
7
Suppose 2*r + r + 4*p + 11 = 0, -p - 2 = r. Suppose -4*z + 28 + 20 = 0. What is the units digit of 40/r - 4/z?
3
Suppose -2*h = -75 - 3. Let q be h/(-13) + 44/2. Let f(j) = j**3 - 20*j**2 + 20*j + 16. What is the units digit of f(q)?
5
Suppose -4*c + 3*w = c - 4179, c = w + 837. What is the units digit of c?
4
Suppose 0 = 2*z - 6*z. Suppose -9*k + 13*k - 64 = z. What is the tens digit of k?
1
Suppose 2*l = -3*l. Suppose l = i + 3 - 0. What is the units digit of (5 - 2)*1 - i?
6
Suppose 2*y + i - 6*i = 499, -5*y + 1258 = -2*i. Suppose -3*u = 2*t + u - y, -4*u + 624 = 5*t. What is the hundreds digit of t?
1
Suppose -f - 4*f + 914 = -3*s, -2*s + 188 = f. What is the tens digit of 6/18*(-1 + f)?
6
Let j = 46 - 154. Let g = -52 - j. What is the tens digit of g?
5
Suppose -3*y - 10 = -5*y. Suppose -y*c + 362 = f, 138 = 4*c + 5*f - 139. What is the tens digit of c?
7
Suppose l - 7*l = -2856. What is the tens digit of l?
7
Let n(w) be the second derivative of w**3/3 - w**2/2 + 4*w. What is the units digit of n(30)?
9
Let x = 9 + 14. Let r = 6 + x. What is the units digit of r?
9
Suppose 4*v + 160 = 2*g, -g - 5*v + 33 = -40. What is the units digit of g?
8
Let l = 497 + 303. What is the hundreds digit of l?
8
Suppose -2*i + 28 = -4*r, -3*r + 32 = i + r. Suppose -75*s + 77*s = i. What is the tens digit of s?
1
Let j(p) = -p - 4. Let b be j(-10). Let h be (-92)/(-2)*(0 - b). What is the tens digit of (1/2)/((-6)/h)?
2
Let y(d) = 23*d**2 + 5*d + 4. Suppose -8*u = -6*u + 4. Let m be y(u). Suppose -m - 129 = -5*i. What is the units digit of i?
3
Let j be 3 - ((-18)/21)/((-5)/35). Let a(v) = -11*v + 36. What is the units digit of a(j)?
9
Let z = -6 + 12. Let y be -3 + 2/4*z. Suppose 4*u - 4*l - 81 - 3 = y, -2*u - 3*l = -42. What is the units digit of u?
1
Let p = -170 + 72. Let r = 2 - p. What is the tens digit of r?
0
Suppose -9 = n - 14. Suppose -5*k - 2*y + 130 = y, 0 = n*k - 5*y - 130. What is the units digit of k?
6
Let f be (-8)/(-6)*(-30)/(-4). Suppose -f*a = -13*a + 36. Let v(u) = 5*u - 16. What is the tens digit of v(a)?
4
Suppose 280 = 2*d + 3*d. Suppose d = a - 4*u, 5*a - 238 = -0*a - u. What is the units digit of a?
8
Suppose 2*v - 246 = -5*c, -2*c - 3*c = -v - 237. Let f be (3 - 4)/(4/c). Let y = 21 + f. What is the units digit of y?
9
Let g be (1 + 0 + -1)*(-54)/108. Suppose -w = -3*j + 436, -j + 4*w = -g*w - 127. What is the hundreds digit of j?
1
Let g = 1435 - 2737. What is the units digit of (-4)/22 + g/(-22)?
9
Suppose 0 = 2*f, 0 = 4*c - f + 4*f. Suppose 3 - 36 = -3*u + 3*m, c = -3*u - 3*m + 21. What is the units digit of u?
9
Let p = 494 - 424. What is the units digit of p?
0
Suppose 0 = j + r - 3, -5*j + 19 = -4*r + 7*r. What is the units digit of ((-246)/(-15) + -5)*j?
7
Let t = 293 + -178. Suppose -2*q - 4*i = i - t, 3*q - 144 = 2*i. What is the tens digit of q?
5
Let j(t) = -t - 3. Let u be j(6). Let i = 103 + u. What is the tens digit of i?
9
What is the thousands digit of -11 + (-5)/(10/(-2714))?
1
Suppose 5*t - 25 = -3*v, -2*v = 4*t - t - 15. Let h be -15*(v - 3/(-9)). Let b(d) = -d**3 - 4*d**2 + d - 3. What is the tens digit of b(h)?
1
Suppose -732 - 2713 = -5*f - 3*c, -f = 3*c -